{"id":548,"date":"2022-04-26T03:54:55","date_gmt":"2022-04-26T00:54:55","guid":{"rendered":"http:\/\/ftpdemo.com\/easton\/?page_id=548"},"modified":"2022-08-25T16:28:15","modified_gmt":"2022-08-25T13:28:15","slug":"hakkimizda","status":"publish","type":"page","link":"https:\/\/yoncali.com.tr\/?page_id=548","title":{"rendered":"Hakk\u0131m\u0131zda"},"content":{"rendered":"\t\t<div data-elementor-type=\"wp-page\" data-elementor-id=\"548\" class=\"elementor elementor-548\">\n\t\t\t\t\t\t\t\t\t<section class=\"elementor-section elementor-top-section elementor-element elementor-element-32bd57d0 elementor-section-boxed elementor-section-height-default elementor-section-height-default\" data-id=\"32bd57d0\" data-element_type=\"section\" data-settings=\"{&quot;background_background&quot;:&quot;classic&quot;}\">\n\t\t\t\t\t\t<div class=\"elementor-container elementor-column-gap-no\">\n\t\t\t\t\t<div class=\"elementor-column elementor-col-50 elementor-top-column elementor-element elementor-element-642a3e39\" data-id=\"642a3e39\" data-element_type=\"column\">\n\t\t\t<div class=\"elementor-widget-wrap elementor-element-populated\">\n\t\t\t\t\t\t\t\t<div class=\"elementor-element elementor-element-206771e5 elementor-widget elementor-widget-easton_h1_about_left2\" data-id=\"206771e5\" data-element_type=\"widget\" data-widget_type=\"easton_h1_about_left2.default\">\n\t\t\t\t<div class=\"elementor-widget-container\">\n\t\t\t\t\t\n        <section class=\"about-section \">\n            <div class=\"auto-container\">\n                <div class=\"row clearfix\">\n                    <div class=\"col-lg-12 col-md-12 col-sm-12 image-column\">\n                        <div class=\"image_block_eight\">\n                            <div data-animation-box class=\"image-box p_relative d_block\">\n                                <div class=\"shape\">\n\t\t\t\t\t\t\t\t\t                                    <div class=\"shape-1\" style=\"background-image: url(https:\/\/yoncali.com.tr\/wp-content\/uploads\/2022\/04\/shape-45-2.png);\">\n\t\t\t\t\t\t\t\t\t\t\t\t\t\t\t\t\t\t<\/div>\n\t\t\t\t\t\t\t\t\t                                    <div class=\"shape-2\" style=\"background-image: url(https:\/\/yoncali.com.tr\/wp-content\/uploads\/2022\/04\/shape-45-2.png);\">\n\t\t\t\t\t\t\t\t\t\t\t\t\t\t\t\t\t\t<\/div>\n                                <\/div>\n                                <div class=\"icon-box float-bob-y\">\n\t\t\t\t\t\t\t\t\t\t\t\t\t\t\t\t\t\t<div class=\"noimage\"><\/div>\n\t\t\t\t\t\t\t\t\t\t\t\t\t\t\t\t\t<\/div>\n                                <figure data-animation-text class=\"overlay-anim-black-bg image image-1\" data-animation=\"overlay-animation\">\n\t\t\t\t\t\t\t\t\t   \n\t\t\t\t\t\t\t\t\t<img decoding=\"async\" src=\"https:\/\/yoncali.com.tr\/wp-content\/uploads\/2022\/07\/yumurta3.jpg\" alt=\"\"\/>\n\t\t\t\t\t\t\t\t\t\t\t\t\t\t\t\t\t<\/figure>\n                                <figure class=\"image image-2\">\n\t\t\t\t\t\t\t\t\t   \n\t\t\t\t\t\t\t\t\t<img decoding=\"async\" src=\"https:\/\/yoncali.com.tr\/wp-content\/uploads\/2022\/07\/yumurta1.jpg\" alt=\"\"\/>\n\t\t\t\t\t\t\t\t\t\t\t\t\t\t\t\t\t<\/figure>\n                            <\/div>\n                        <\/div>\n                    <\/div>\n                <\/div>\n            <\/div>\n        <\/section>\n             \n\t\t\t\t<\/div>\n\t\t\t\t<\/div>\n\t\t\t\t\t<\/div>\n\t\t<\/div>\n\t\t\t\t<div class=\"elementor-column elementor-col-50 elementor-top-column elementor-element elementor-element-38e05b98\" data-id=\"38e05b98\" data-element_type=\"column\">\n\t\t\t<div class=\"elementor-widget-wrap elementor-element-populated\">\n\t\t\t\t\t\t\t\t<div class=\"elementor-element elementor-element-25a1100 elementor-widget elementor-widget-easton_h1_about_right\" data-id=\"25a1100\" data-element_type=\"widget\" data-widget_type=\"easton_h1_about_right.default\">\n\t\t\t\t<div class=\"elementor-widget-container\">\n\t\t\t\t\t\n        <section class=\"about-section \">\n            <div class=\"auto-container\">\n                <div class=\"row clearfix\">\n                    <div class=\"col-lg-12 col-md-12 col-sm-12 content-column\">\n                        <div class=\"content_block_one\">\n                            <div class=\"content-box p_relative d_block ml_30\">\n\t\t\t\t\t\t\t\n\t\t\t\t\t\t\t\t\t\t\t\t\t\t\t\n                                <div class=\"sec-title p_relative mb_25\">\n                                    <h5 class=\"d_block fs_17 lh_25 fw_medium mb_9\">Hakk\u0131m\u0131zda<\/h5>\n                                    <h2 class=\"d_block fs_40 lh_50 fw_bold\">Yoncal\u0131 G\u0131da<\/h2>\n                                <\/div>\n                                <div class=\"text p_relative d_block mb_30\">\n                                    <p>Yumurta ve tavuk\u00e7uluk sekt\u00f6r\u00fcnde profesyonellik ve kurumsalla\u015fmaya \u00f6nem vererek, marka ve teknoloji g\u00fcc\u00fcn\u00fc artt\u0131rmaya y\u00f6nelik , do\u011fru hedefler ve stratejilerle i\u015flerini b\u00fcy\u00fctm\u00fc\u015f ve teknolojik geli\u015fmeleri takip ederek modern bir i\u015fletmenin temellerini 1990 y\u0131l\u0131nda atm\u0131\u015ft\u0131r.\n<br><br>\n Bug\u00fcn  Yoncal\u0131 G\u0131da olarak Y\u0131lmazer Yumurta markas\u0131 alt\u0131nda y\u0131ll\u0131k 150 milyon adet yumurta \u00fcretimi ger\u00e7ekle\u015ftirmektedir. \n<br><br>\nSon yapt\u0131\u011f\u0131 yat\u0131r\u0131m ve yeniliklerle sekt\u00f6r\u00fcnde ilkleri ger\u00e7ekle\u015ftiren Yoncal\u0131 G\u0131da, sekt\u00f6r\u00fcn\u00fcn h\u0131zl\u0131 b\u00fcy\u00fcyen firmalar\u0131ndand\u0131r.\nSa\u011fl\u0131kl\u0131 ve kaliteli bir \u00fcretimin temeli, hijyenik bir \u00e7al\u0131\u015fma ortam\u0131 yaratmakla ba\u015flar.\nY\u0131lmazer Yumurta \u00e7iftliklerinin b\u00fct\u00fcn kafeslerinde; g\u00fcbre temizleme, otomatik sulama, yemleme, yumurta toplama ve havaland\u0131rma sistemleri mevcuttur.\n<br><br>\nAyr\u0131ca;\n<br><br>\nYumurta \u00fcretim a\u015famas\u0131nda \ntavuklar\u0131n beslenmesi i\u00e7in; m\u0131s\u0131r, bu\u011fday, soya fasulyesi, ay\u00e7i\u00e7e\u011fi k\u00fcspesi, m\u0131s\u0131r \u00f6z\u00fc, bu\u011fday \u00f6z\u00fc kepe\u011fi ile tamam\u0131 organik ve bitkisel yemler kullan\u0131l\u0131rken, insan sa\u011fl\u0131\u011f\u0131na zararl\u0131 hi\u00e7bir katk\u0131 maddesi kullanm\u0131yoruz. Kullan\u0131lan hammaddelerimiz tamamen bitkisel kaynakl\u0131 olup \u00fcr\u00fcnlerimizin hi\u00e7birinde hayvansal i\u00e7erikli hammaddeler kesinlikle kullan\u0131lmamaktad\u0131r.\n<br><br>\nDo\u011fru ve dengeli beslenmenin vazge\u00e7ilmezi, protein ve vitamin zengini, yumurtay\u0131  modern tesislerimizde, uluslararas\u0131 hijyen standartlar\u0131nda el de\u011fmeden \u00fcretiyoruz. T\u00fcketici sa\u011fl\u0131\u011f\u0131, hijyen ve g\u00fcvenilirlik gibi prensipleri \u00f6n planda tutarak, \u00fcretimin her a\u015famas\u0131nda \u00fcr\u00fcnlerin sa\u011fl\u0131k ve hijyen unsurlar\u0131n\u0131 titizlikle kontrolden ge\u00e7irerek, \u00fcr\u00fcnlerimizi en taze ve sa\u011fl\u0131kl\u0131 \u015fekilde t\u00fcketicilerimizle bulu\u015fturuyoruz.\nUluslararas\u0131 standartlara uygun \u00f6zel so\u011futuculu ara\u00e7lar\u0131 ve profesyonel da\u011f\u0131t\u0131m filosu ile Y\u0131lmazer Yumurta; yumurtalar\u0131 g\u00fcvenli ve hijyenik \u015fartlarda anla\u015fmal\u0131 marketlere ve sat\u0131\u015f noktalar\u0131na ula\u015ft\u0131rmaktad\u0131r.\n<br><br>\nBug\u00fcn geldi\u011fimiz noktada ise ; 6 farkl\u0131 \u00fclkeye ihracat yapan gerek ulusal ve yerel market sat\u0131\u015f a\u011f\u0131 ile \u00fcr\u00fcnlerini taze ve do\u011fall\u0131ktan \u00f6d\u00fcn vermeyerek \u00fcr\u00fcnlerimizi ve \u00fclkemizi en iyi \u015fekilde temsil etmenin gayreti i\u00e7erisindeyiz.<\/p>\n                                <\/div>\n\t\t\t\t\t\t\t\t\n\t\t\t\t\t\t\t\t\t\t\t\t\t\t\t\t\n                                \n                                \n                                <figure class=\"signature\">\n\t\t\t\t\t\t\t\t\t\t\t\t\t\t\t\t\t\t<div class=\"noimage\"><\/div>\n\t\t\t\t\t\t\t\t\t\t\t\t\t\t\t\t\t<\/figure>\n                            <\/div>\n                        <\/div>\n                    <\/div>\n                <\/div>\n            <\/div>\n        <\/section>\n             \n\t\t\t\t<\/div>\n\t\t\t\t<\/div>\n\t\t\t\t\t<\/div>\n\t\t<\/div>\n\t\t\t\t\t\t\t<\/div>\n\t\t<\/section>\n\t\t\t\t\t\t\t<\/div>\n\t\t","protected":false},"excerpt":{"rendered":"<p>Hakk\u0131m\u0131zda Yoncal\u0131 G\u0131da Yumurta ve tavuk\u00e7uluk sekt\u00f6r\u00fcnde profesyonellik ve kurumsalla\u015fmaya \u00f6nem vererek, marka ve teknoloji g\u00fcc\u00fcn\u00fc artt\u0131rmaya y\u00f6nelik , do\u011fru hedefler ve stratejilerle i\u015flerini b\u00fcy\u00fctm\u00fc\u015f ve teknolojik geli\u015fmeleri takip ederek modern bir i\u015fletmenin temellerini 1990 y\u0131l\u0131nda atm\u0131\u015ft\u0131r. Bug\u00fcn Yoncal\u0131 G\u0131da olarak Y\u0131lmazer Yumurta markas\u0131 alt\u0131nda y\u0131ll\u0131k 150 milyon adet yumurta \u00fcretimi ger\u00e7ekle\u015ftirmektedir. Son yapt\u0131\u011f\u0131 yat\u0131r\u0131m [&hellip;]<\/p>\n","protected":false},"author":1,"featured_media":0,"parent":0,"menu_order":0,"comment_status":"closed","ping_status":"closed","template":"tpl-default-elementor.php","meta":{"footnotes":""},"class_list":["post-548","page","type-page","status-publish","hentry"],"_links":{"self":[{"href":"https:\/\/yoncali.com.tr\/index.php?rest_route=\/wp\/v2\/pages\/548","targetHints":{"allow":["GET"]}}],"collection":[{"href":"https:\/\/yoncali.com.tr\/index.php?rest_route=\/wp\/v2\/pages"}],"about":[{"href":"https:\/\/yoncali.com.tr\/index.php?rest_route=\/wp\/v2\/types\/page"}],"author":[{"embeddable":true,"href":"https:\/\/yoncali.com.tr\/index.php?rest_route=\/wp\/v2\/users\/1"}],"replies":[{"embeddable":true,"href":"https:\/\/yoncali.com.tr\/index.php?rest_route=%2Fwp%2Fv2%2Fcomments&post=548"}],"version-history":[{"count":24,"href":"https:\/\/yoncali.com.tr\/index.php?rest_route=\/wp\/v2\/pages\/548\/revisions"}],"predecessor-version":[{"id":3226,"href":"https:\/\/yoncali.com.tr\/index.php?rest_route=\/wp\/v2\/pages\/548\/revisions\/3226"}],"wp:attachment":[{"href":"https:\/\/yoncali.com.tr\/index.php?rest_route=%2Fwp%2Fv2%2Fmedia&parent=548"}],"curies":[{"name":"wp","href":"https:\/\/api.w.org\/{rel}","templated":true}]}}